tive of n(k). Give p(-7).
-18
Let f = -4 - 4. Let h(c) = 5*c - 51. Let a be h(12). Let i(j) = -a + 27*j + 10 + 6 - 26*j. Calculate i(f).
-1
Suppose -2*t - 2*t - 4*u = 44, 5*u - 1 = -t. Let k(y) = -2*y**2 - 11*y + 236. Calculate k(t).
-2
Let b(y) be the third derivative of -19/60*y**5 + 0*y + 0 + 3*y**2 + 1/24*y**4 - 1/6*y**3. Let d = 331 + -330. Determine b(d).
-19
Let w(l) = l. Let s be (8/(-24))/((-2)/(-6*1)). Let o(a) = a**2 + a. Let p(u) = s*o(u) - 2*w(u). Calculate p(-4).
-4
Let k(n) = -16 - 22 + 26 + n**2 - 8*n. Give k(9).
-3
Let p = 872 + -861. Let j(f) = -2*f**3 + 24*f**2 - 20*f - 20. Let s be j(p). Let z(k) = 5*k**3 - 3*k**2 + 2*k - 3. Give z(s).
29
Let s(r) be the first derivative of -r**4/4 - 2*r**3 - r**2 - 9*r + 3033. Determine s(-6).
3
Let n(c) be the first derivative of -3/2*c**2 - 2*c + 1/4*c**4 + 8 - 4/3*c**3. Let p be (13 + -4 + -1)*3/6. What is n(p)?
-14
Let i(z) = 7*z + 11. Suppose 2*w - 24 = -5*v, -3*w + v = -w - 12. Let y(t) = 8*t + 13. Let j(a) = w*i(a) - 6*y(a). Give j(-5).
-6
Let x(s) = 20*s. Let p be 14/(-35) - (4212/10)/(-3). Let v = -139 + p. What is x(v)?
20
Let d(w) be the first derivative of -w**2/2 + 5*w + 1. Let z be 5/(((-1)/6)/(63/(-378)) + 0). What is d(z)?
0
Let f(d) = d**3 - 25*d**2 + d - 30. Let j be (-368)/276*(-225)/12. Determine f(j).
-5
Let j(z) = 33*z**2 - 2*z - 1. Let m be ((-37)/(-148))/(14/(-8) - (-30)/20). Calculate j(m).
34
Let c = -4005 - -4017. Let d(b) = -b**3 + 14*b**2 - 24*b - 11. Calculate d(c).
-11
Let j be 45 - -5*(2 - 1). Let t(w) = -28*w - 2 - 11 - 21*w + j*w. Let x(d) = -d**3 - 3*d**2 + 2*d + 1. Let c be x(-4). Determine t(c).
-4
Let b(n) = -n**2 - 2 + 0*n**2 - 11*n - 5*n. Let a = -10547 - -10532. Give b(a).
13
Let m(u) = u + 4. Let l(a) = 5*a**2 - 2*a + 6. Let j be l(4). Let x(t) = -534*t - 82. Let n be x(0). Let h = n + j. Give m(h).
0
Let z(m) be the second derivative of -13*m + 0 - 7/2*m**2 - 5/3*m**3. Let d be z(-1). Let y(k) = 4*k - 4. Calculate y(d).
8
Let m(q) = -3*q - 45. Let f(v) = 3. Let p(d) = -45*f(d) - 3*m(d). Let b = -44543 + 44544. What is p(b)?
9
Suppose 3*s + 30 = -2*s. Let b(y) = -6397*y**3 + 5*y + 6396*y**3 + 9525 - 9523 - 6*y**2. Calculate b(s).
-28
Suppose 0 = -5*u - 2*z - 13 - 122, -u = z + 27. Let m be (-1)/((-3)/u)*(-3)/(-9). Let t(a) = a - 1. Calculate t(m).
-4
Let y(c) = 13*c + 165. Let v = -1759 - -1746. Give y(v).
-4
Let c(w) = w**3 + 8*w**2 + 2*w + 9. Let v(x) be the second derivative of -7*x**3/3 + 17*x**2 - 59*x. Let h be v(3). Determine c(h).
-7
Let a(g) = 968*g - 1934. Let y be a(2). Let x(p) = 2 + 2*p**2 - 3 + 2 - 6*p**3 + 2*p**3. Give x(y).
-23
Let x(z) = -3*z**2 + 27*z + 105. Let j(c) = -4*c**2 + 21*c + 93. Let t(o) = -4*j(o) + 5*x(o). Determine t(-3).
9
Let k(l) be the third derivative of l**8/6720 - l**7/2520 - l**6/720 + 3*l**5/40 - 83*l**4/24 + 97*l**2. Let x(c) be the second derivative of k(c). Give x(0).
9
Let g(n) = -12*n + 4. Suppose 6*h + 7 = -23. Let q(c) = -19*c + 6. Let d(w) = h*q(w) + 8*g(w). Calculate d(10).
-8
Let x(d) = -2*d + 57. Let g(j) = -2*j + 61. Let v(s) = -4*g(s) + 5*x(s). Determine v(16).
9
Let h(a) = 10*a - 16*a + 4 + 7*a. Suppose -2*j - 11 = -q, 9*q - 4*q = 25. Let s = j - 2. Give h(s).
-1
Suppose -15 = -9*o + 4*o. Suppose 0 = o*z + f - 6*f - 3, 2 = 2*z - 5*f. Let i(j) = -j**2 - j**2 + j + 4*j - z + j**2. Give i(5).
-1
Let l(i) = -2*i + 168 - 344 + 171 + 14*i + i**2 - 6*i. Determine l(-5).
-10
Let o(d) = -41*d**3 + 66*d**2 - 7*d - 3. Let v(g) = -13*g**3 + 21*g**2 - 2*g - 1. Let p(j) = 6*o(j) - 19*v(j). Calculate p(4).
1
Let n be 82 + -78 - (-158 + 1). Let t(s) = 0 - 2*s**3 + 2 - 75*s - 85*s + n*s. Determine t(2).
-12
Let f be 2/3*3/(-1) + (27 - 4). Let g(x) = -x**2 + 25*x + 42. What is g(f)?
126
Let h(g) = -17*g**2 + 7*g - 5. Let d be h(1). Let k(a) = 5*a**2 + 75*a - 5. Let y be k(d). Let i(n) = -n**3 - 4*n**2 + 8*n + 4. Give i(y).
-11
Let q(o) = -3*o**2 + 3*o - 1. Let v = 7 + -196. Let u be v/(-72) - 12/(-32). What is q(u)?
-19
Let p(j) = -3*j + 52. Let o(k) = -2*k + 28. Let l(v) = 7*o(v) - 4*p(v). What is l(-5)?
-2
Let b(y) be the second derivative of -y**5/120 - 7*y**4/8 + 35*y**3/3 - 4*y - 13. Let t(g) be the second derivative of b(g). Determine t(-18).
-3
Let d(s) = -36*s + 44. Let t(k) = 10*k - 14. Let p(i) = 2*d(i) + 7*t(i). Give p(-10).
10
Let j be (297/(-55))/((1/(-5))/1). Let s(i) = 20 - j + 59*i - 66*i. Determine s(-2).
7
Let r(d) = 7*d**3 + 1. Let t = -150 - -144. Let p(a) = -a**2 - 22*a - 95. Let g be p(t). Calculate r(g).
8
Let i be (-2)/(-1) - (1 + -2). Let u(s) = i*s - 4 - s + 11. Let k = -89492 + 89486. What is u(k)?
-5
Let b(k) = -5*k - 29. Let y = -5020 - -5020. What is b(y)?
-29
Let m(j) = -2*j - 77. Let y be (-1)/((-10)/(-6020)*14) + 9. Determine m(y).
-9
Let u = 9430 - 9425. Let q(z) be the second derivative of -1/2*z**2 - u*z + 0 - 1/6*z**3. Calculate q(-7).
6
Let v(t) = t**3 - 4*t**2 + 3*t - 8. Let f be v(4). Let s = 180 + -178. Let l(w) = -3*w + 16*w**s - 30*w**2 + 15*w**2. Determine l(f).
4
Let c = 1198 + -1193. Let a(r) = r**3 - 7*r**2 + 8*r + 16. What is a(c)?
6
Let q(x) be the first derivative of 0*x**2 + x - 9 + 1/3*x**3. Let u = -29 + 28. Determine q(u).
2
Suppose 0*f = f. Suppose -3*w + f = 9. Let g(b) be the first derivative of -3*b**2/2 - 4*b + 546. What is g(w)?
5
Let t = -66 - -68. Let w(g) be the third derivative of g**6/120 - g**5/60 - g**4/12 + g**3/6 + 3*g**2 - 68. Calculate w(t).
1
Let k(a) = -10*a**2 - 3*a + 6. Suppose 0 = n - 3 - 2. Let d(c) = -2*c + 2*c**2 - 1007 - 9*c**2 + 1011. Let y(q) = n*k(q) - 7*d(q). Determine y(-3).
-4
Let g(n) be the second derivative of -3*n**3/2 + 5*n**2/2 - 4*n + 9. Let y(b) = -2*b + 5*b + 7*b - 5. Let a(i) = 4*g(i) + 3*y(i). What is a(4)?
-19
Let k(i) = -31*i + 3 + 58*i - 26*i - 31*i - 4. What is k(1)?
-31
Let g(z) = z**3 + 20*z**2 - 18*z - 7. Let k be g(-21). Let i = k + 61. Let f(b) = -b - 9. Calculate f(i).
0
Let s(l) = -l**2 - 55*l + 48. Let y(w) = -w**2 + w - 13. Let i(z) = -s(z) - y(z). Give i(-26).
-87
Let r(b) = b**3 + b**2 - b - 2. Suppose 89*a + 15*a + 178 = 15*a. What is r(a)?
-4
Let u = -3 + 54. Let o = u + -40. Suppose o = -8*z + 3. Let h(c) = c - 1. Give h(z).
-2
Suppose -6005 + 6167 = 18*d. Let b(q) = -27*q + 231. Give b(d).
-12
Let h(j) = j**2 - 3885*j - 7 + 13 + 4 + 1934*j + 1934*j. Give h(15).
-20
Let w(y) = 20*y**2 - y + 1. Suppose 2*k - t = 3, 26 = 4*k + 3*t - t. Suppose 5*n = -7*i + k*i - 7, -2*i - 6 = 4*n. Give w(i).
20
Let v = -3735 + 3741. Let q(x) = -x**3 + 4*x**2 + 8*x - 10. Calculate q(v).
-34
Let y(q) = -5*q**2 + 2*q + 4. Suppose 121*v = 117*v + 8. Let u(w) = -w**2 + w + 1. Let a(j) = v*y(j) - 9*u(j). What is a(4)?
-37
Let n be ((-18)/(-4))/(3 + 15/(-6)). Let p(u) = -7*u - 9. Let w be p(n). Let z = w - -71. Let b(l) = -6*l**2 + 2*l + 1. What is b(z)?
-7
Let x(z) = 14*z + 1133. Let k be x(-82). Let w(j) = j**3 + 17*j**2 + 26*j - 28. What is w(k)?
32
Let n(l) = 3*l**2 + 27*l - 7. Suppose -12 = 26*t - 24*t - 3*r, -5*t + r = 43. Determine n(t).
-7
Let q(b) = -b**3 - 1. Let i(z) = 4*z**2 - 1. Let r be i(2). Let g = 9 - r. Let v(j) = 5*j**3 + 7*j**2 - 8*j + 14. Let y(t) = g*q(t) - v(t). Determine y(6).
4
Let m(g) = g**2 + 12*g + 3. Let b(r) = r**2 - 2031*r - 6106. Let j be b(-3). Give m(j).
-29
Let c(r) = r**3 + 16*r**2 + r - 16. Let w = -11895 + 11879. Calculate c(w).
-32
Let b(p) = 56 - 102 + 2*p + 50. Let v(g) = 2*g + 5. Let k(i) = -4*b(i) + 3*v(i). Give k(-6).
11
Let p(q) = q**3 + 2*q - 7. Let h(j) = -4*j**3 - j**2 - 19*j + 63. Let y(l) = h(l) + 9*p(l). Determine y(-1).
-5
Let r(u) = -4*u**2 - 39*u + 39. Let y be r(-11). Let p(l) = -l**3 - 17*l**2 - 16*l - 10. What is p(y)?
-10
Let g(s) = s**2 + 21*s + 104. Let n = 5743 - 5750. What is g(n)?
6
Let l(a) = -a**2 + 8*a + 4. Suppose 4 = 2*n - 3*n - 2*r, -n - 7 = 3*r. Suppose 2*t = -n*w - 140, 2*t - 5*w + 113 - 8 = 0. Let v = t + 73. What is l(v)?
4
Let b(m) = 3*m**2 - 1. Let s(c) = c**2 + 4*c + 5. Let i be s(-4). Suppose i*t - 19 - 1 = 0. Suppose -t - 1 = 5*l. What is b(l)?
2
Suppose -6*k - 48 - 36 = 0. Let a = k - -16. Let z(g) = 1 + 20*g**2 + 0*g + 3*g + 18*g**a - 37*g**2. What is z(-6)?
19
Let s(c) = c + 45. Let v = -548 - -557. Suppose v*k + 42 = 42. What is s(k)?
45
Suppose -10*l + 10 = -5*l. Let s be (1/l)/((-10)/20). Let m(k) = -11*k**2 + k. Give m(s).
-12
Let m(b) 